d 34?
17
What is the greatest common divisor of 136 and 2872?
8
What is the greatest common divisor of 22 and 51623?
11
Calculate the greatest common factor of 1049595 and 30.
15
What is the highest common divisor of 492 and 104550?
246
Calculate the highest common factor of 21102 and 318.
6
What is the greatest common factor of 188638 and 19818?
734
Calculate the highest common factor of 42 and 3903144.
42
What is the greatest common divisor of 12 and 14808612?
12
What is the greatest common factor of 3368310 and 4543?
649
What is the greatest common divisor of 34510 and 29?
29
What is the highest common factor of 100 and 183100?
100
What is the highest common divisor of 17272 and 124712?
136
Calculate the greatest common factor of 22723 and 30053.
733
Calculate the greatest common divisor of 208 and 3040.
16
Calculate the greatest common divisor of 5135 and 95511.
1027
Calculate the greatest common divisor of 80 and 1921580.
20
Calculate the highest common divisor of 222190 and 340.
170
Calculate the highest common divisor of 70 and 608195.
35
Calculate the greatest common factor of 4602 and 3009.
177
Calculate the greatest common divisor of 171 and 11.
1
What is the greatest common divisor of 13760 and 14835?
215
Calculate the greatest common divisor of 50 and 17025.
25
Calculate the highest common factor of 630 and 3976.
14
What is the greatest common divisor of 356 and 51798?
178
What is the greatest common factor of 62305 and 255?
85
Calculate the highest common factor of 7564 and 2356.
124
Calculate the highest common factor of 95193 and 63.
63
Calculate the greatest common factor of 20 and 342564.
4
Calculate the highest common factor of 2721392 and 1264.
1264
Calculate the highest common divisor of 105 and 64578.
3
What is the highest common factor of 2346 and 308499?
1173
What is the greatest common factor of 5328 and 5706?
18
What is the highest common divisor of 17 and 151181?
17
What is the highest common divisor of 6586 and 222?
74
Calculate the highest common divisor of 324598 and 34.
34
Calculate the highest common factor of 189 and 25749.
9
Calculate the highest common factor of 1239 and 302043.
21
Calculate the highest common factor of 30430 and 1360.
170
Calculate the highest common factor of 103326 and 4.
2
What is the highest common factor of 25207 and 6094?
277
What is the highest common factor of 32560 and 7696?
592
Calculate the highest common factor of 25 and 292025.
25
Calculate the greatest common divisor of 1115121 and 42.
21
Calculate the highest common factor of 224 and 105196.
28
Calculate the greatest common divisor of 113574 and 552.
138
What is the greatest common factor of 2 and 523443?
1
What is the greatest common divisor of 7580 and 40?
20
What is the greatest common divisor of 97 and 490432?
97
Calculate the highest common factor of 22 and 4977599.
11
Calculate the greatest common factor of 120 and 16860.
60
Calculate the greatest common divisor of 113386 and 294.
98
Calculate the greatest common divisor of 260 and 19968.
52
What is the highest common divisor of 120 and 38932?
4
What is the greatest common divisor of 13928 and 464?
8
Calculate the greatest common factor of 141725 and 375.
25
What is the greatest common divisor of 92 and 21206?
46
Calculate the greatest common divisor of 12402 and 82602.
234
Calculate the highest common factor of 184 and 101982.
46
Calculate the greatest common divisor of 945 and 83457.
27
Calculate the greatest common divisor of 536758 and 34.
34
What is the greatest common divisor of 9117 and 72?
9
Calculate the greatest common divisor of 94666 and 546.
26
Calculate the greatest common divisor of 9086 and 2376.
22
Calculate the greatest common factor of 2012227 and 1348.
337
Calculate the highest common divisor of 582155 and 35.
35
What is the highest common factor of 4620 and 15690?
30
What is the highest common divisor of 160 and 19560?
40
Calculate the highest common factor of 490 and 435120.
490
Calculate the highest common factor of 1260 and 2279340.
1260
What is the highest common divisor of 6 and 6455?
1
What is the highest common divisor of 68516 and 84?
28
Calculate the greatest common divisor of 1247 and 58.
29
What is the greatest common factor of 93789 and 102?
51
Calculate the highest common factor of 23679 and 81.
27
What is the greatest common divisor of 2749294 and 926?
926
What is the greatest common factor of 38199 and 8211?
357
What is the greatest common factor of 184 and 18676?
92
Calculate the greatest common factor of 1080 and 41760.
360
Calculate the highest common factor of 31464 and 2907798.
2622
What is the highest common divisor of 362 and 101903?
181
What is the greatest common divisor of 6142686 and 132?
66
What is the greatest common factor of 387 and 8170?
43
What is the greatest common divisor of 744273 and 1107?
369
What is the greatest common divisor of 32352 and 6?
6
What is the highest common divisor of 418 and 172482?
38
What is the greatest common divisor of 50644 and 3960?
44
Calculate the highest common factor of 65 and 744055.
65
What is the greatest common divisor of 72 and 1192644?
36
What is the highest common divisor of 294658 and 78?
26
What is the greatest common divisor of 2276 and 32?
4
What is the highest common divisor of 802 and 89?
1
Calculate the highest common factor of 507148 and 76.
76
What is the greatest common divisor of 744 and 8720?
8
What is the greatest common divisor of 136 and 112472?
136
Calculate the greatest common factor of 171990 and 14625.
585
Calculate the highest common divisor of 81 and 271.
1
Calculate the greatest common divisor of 88680 and 360.
120
What is the highest common factor of 462 and 170247?
231
What is the greatest common factor of 9706 and 69?
23
Calculate the greatest common divisor of 11222 and 1922.
62
Calculate the highest common factor of 765 and 10353.
51
What is the highest common divisor of 30800 and 308?
308
What is the greatest common factor of 224793 and 9?
9
What is the greatest common divisor of 15 and 82560?
15
What is the greatest common divisor of 10 and 718810?
10
Calculate the greatest common divisor of 309 and 185709.
309
What is the greatest common factor of 798909 and 849?
849
Calculate the greatest common factor of 190 and 3310.
10
What is the highest common divisor of 1728 and 6024?
24
What is the highest common divisor of 11016 and 810?
162
Calculate the greatest common divisor of 21241 and 286.
11
What is the highest common divisor of 97650 and 350?
350
Calculate the greatest common divisor of 1262422 and 14.
14
What is the highest common factor of 204 and 3096?
12
Calculate the greatest common divisor of 27672 and 84.
12
Calculate the greatest common factor of 684 and 33174.
342
What is the highest common divisor of 369 and 201515?
41
Calculate the highest common factor of 198 and 166122.
198
Calculate the greatest common divisor of 282400 and 300.
100
What is the highest common divisor of 9078 and 2754?
102
What is the greatest common divisor of 959556 and 312?
156
What is the highest common factor of 6936860 and 140?
140
Calculate the greatest common factor of 269033 and 725.
29
Calculate the highest common factor of 84173 and 41.
41
What is the greatest common factor of 76122 and 6?
6
What is the highest common factor of 904328 and 8?
8
Calculate the highest common factor of 162 and 27198.
18
Calculate the highest common factor of 11426163 and 1862.
931
Calculate the greatest common factor of 515 and 599563.
103
What is the highest common divisor of 36646 and 5522?
502
Calculate the highest common factor of 1518 and 462.
66
What is the greatest common divisor of 410420 and 20?
20
Calculate the greatest common factor of 529056 and 55.
11
Calculate the highest common factor of 36 and 132432.
12
Calculate the highest common divisor of 455 and 595.
35
Calculate the greatest common factor of 10480 and 240.
80
Calculate the highest common divisor of 22350 and 24.
6
Calculate the greatest common factor of 320391 and 4365.
873
What is the greatest common factor of 6583 and 44719?
227
Calculate the highest common divisor of 11 and 2851981.
11
Calculate the highest common divisor of 128 and 53632.
128
Calculate the highest common factor of 112285 and 595.
85